{"id":4786,"date":"2023-09-05T02:06:06","date_gmt":"2023-09-05T00:06:06","guid":{"rendered":"https:\/\/www.historischer-chiemgau.de\/?page_id=4786"},"modified":"2023-09-05T08:27:58","modified_gmt":"2023-09-05T06:27:58","slug":"unesco-kulturerbe-georgiritt","status":"publish","type":"page","link":"https:\/\/www.historischer-chiemgau.de\/?page_id=4786","title":{"rendered":"UNESCO Kulturerbe Georgiritt"},"content":{"rendered":"\n<figure class=\"wp-block-image alignwide size-large\"><img loading=\"lazy\" decoding=\"async\" width=\"1024\" height=\"207\" src=\"https:\/\/www.historischer-chiemgau.de\/wp-content\/uploads\/2023\/09\/IMG_20230613_142654-1024x207.jpg\" alt=\"\" class=\"wp-image-4865\" srcset=\"https:\/\/www.historischer-chiemgau.de\/wp-content\/uploads\/2023\/09\/IMG_20230613_142654-1024x207.jpg 1024w, https:\/\/www.historischer-chiemgau.de\/wp-content\/uploads\/2023\/09\/IMG_20230613_142654-300x61.jpg 300w, https:\/\/www.historischer-chiemgau.de\/wp-content\/uploads\/2023\/09\/IMG_20230613_142654-768x156.jpg 768w, https:\/\/www.historischer-chiemgau.de\/wp-content\/uploads\/2023\/09\/IMG_20230613_142654-1536x311.jpg 1536w, https:\/\/www.historischer-chiemgau.de\/wp-content\/uploads\/2023\/09\/IMG_20230613_142654-2048x415.jpg 2048w, https:\/\/www.historischer-chiemgau.de\/wp-content\/uploads\/2023\/09\/IMG_20230613_142654-1240x251.jpg 1240w, https:\/\/www.historischer-chiemgau.de\/wp-content\/uploads\/2023\/09\/IMG_20230613_142654-508x103.jpg 508w\" sizes=\"(max-width: 1024px) 100vw, 1024px\" \/><\/figure>\n\n\n\n<p><mark style=\"background-color:rgba(0, 0, 0, 0)\" class=\"has-inline-color has-accent-color\"><strong>Georgiritt und historischer Schwerttanz Traunstein ist<\/strong> <strong>Immaterielles Kulturerbe<\/strong><\/mark><\/p>\n\n\n\n<p>Der Georgiritt verbindet die Menschen in Traunstein mit denen der Gemeinden im umliegenden Chiemgau.<\/p>\n\n\n\n<p>Allj\u00e4hrlich findet am Ostermontag im bayerischen Traunstein ein Georgiritt mit historischem Schwerttanz statt. \u00dcber 400 festlich geschm\u00fcckte Reitpferde und Gespanne aus den umliegenden Gemeinden sind an der Pferdewallfahrt zu Ehren des Heiligen Georgs beteiligt. Die Gemeinden werden \u00fcber \u201eRittbitten\u201c eingebunden. Der 600 Mitglieder starke Sankt-Georgs-Verein k\u00fcmmert sich um die Koordinierung der Zusammenarbeit zahlreicher Vereine und Gruppen aus Traunstein und Umgebung. Auch steht er in engem Kontakt zu Jugendorganisationen und investiert in eine kostenlose Ausbildung an der historischen \u201eSchwegelpfeife\u201c f\u00fcr Kinder zwischen 8 und 13 Jahren. Der Ursprung des Ritts, der urkundlich erstmals 1762 erw\u00e4hnt wurde, liegt vermutlich in einem heidnischen mittelalterlichen Brauch. Im fr\u00fchen 19. Jahrhundert wurde der historische Schwerttanz erg\u00e4nzt, der den Sieg des Fr\u00fchlings \u00fcber den Winter symbolisieren soll.<\/p>\n\n\n\n<p>Mehr unter <a href=\"http:\/\/www.georgi-verein.de\/\" title=\"\">http:\/\/www.georgi-verein.de\/<\/a><\/p>\n\n\n<div class=\"wp-block-image\">\n<figure class=\"aligncenter size-large is-resized\"><img loading=\"lazy\" decoding=\"async\" src=\"https:\/\/www.historischer-chiemgau.de\/wp-content\/uploads\/2023\/09\/IMG_20230613_141951-657x1024.jpg\" alt=\"\" class=\"wp-image-4866\" style=\"width:689px;height:1075px\" width=\"689\" height=\"1075\" srcset=\"https:\/\/www.historischer-chiemgau.de\/wp-content\/uploads\/2023\/09\/IMG_20230613_141951-657x1024.jpg 657w, https:\/\/www.historischer-chiemgau.de\/wp-content\/uploads\/2023\/09\/IMG_20230613_141951-192x300.jpg 192w, https:\/\/www.historischer-chiemgau.de\/wp-content\/uploads\/2023\/09\/IMG_20230613_141951-768x1197.jpg 768w, https:\/\/www.historischer-chiemgau.de\/wp-content\/uploads\/2023\/09\/IMG_20230613_141951-1314x2048.jpg 1314w, https:\/\/www.historischer-chiemgau.de\/wp-content\/uploads\/2023\/09\/IMG_20230613_141951-1240x1933.jpg 1240w, https:\/\/www.historischer-chiemgau.de\/wp-content\/uploads\/2023\/09\/IMG_20230613_141951-508x792.jpg 508w, https:\/\/www.historischer-chiemgau.de\/wp-content\/uploads\/2023\/09\/IMG_20230613_141951.jpg 1633w\" sizes=\"(max-width: 689px) 100vw, 689px\" \/><figcaption class=\"wp-element-caption\">Programm aus dem Jahr 1899<\/figcaption><\/figure><\/div>\n\n<div class=\"wp-block-image\">\n<figure class=\"aligncenter size-large\"><img loading=\"lazy\" decoding=\"async\" width=\"741\" height=\"1024\" src=\"https:\/\/www.historischer-chiemgau.de\/wp-content\/uploads\/2023\/09\/IMG_20230613_144116-741x1024.jpg\" alt=\"\" class=\"wp-image-4867\" srcset=\"https:\/\/www.historischer-chiemgau.de\/wp-content\/uploads\/2023\/09\/IMG_20230613_144116-741x1024.jpg 741w, https:\/\/www.historischer-chiemgau.de\/wp-content\/uploads\/2023\/09\/IMG_20230613_144116-217x300.jpg 217w, https:\/\/www.historischer-chiemgau.de\/wp-content\/uploads\/2023\/09\/IMG_20230613_144116-768x1062.jpg 768w, https:\/\/www.historischer-chiemgau.de\/wp-content\/uploads\/2023\/09\/IMG_20230613_144116-1111x1536.jpg 1111w, https:\/\/www.historischer-chiemgau.de\/wp-content\/uploads\/2023\/09\/IMG_20230613_144116-1240x1714.jpg 1240w, https:\/\/www.historischer-chiemgau.de\/wp-content\/uploads\/2023\/09\/IMG_20230613_144116-508x702.jpg 508w, https:\/\/www.historischer-chiemgau.de\/wp-content\/uploads\/2023\/09\/IMG_20230613_144116.jpg 1383w\" sizes=\"(max-width: 741px) 100vw, 741px\" \/><figcaption class=\"wp-element-caption\">Der geharnischte Feldhauptmann, 1912.<\/figcaption><\/figure><\/div>\n\n<div class=\"wp-block-image\">\n<figure class=\"aligncenter size-large\"><img loading=\"lazy\" decoding=\"async\" width=\"1024\" height=\"658\" src=\"https:\/\/www.historischer-chiemgau.de\/wp-content\/uploads\/2023\/09\/Der-Eiserne-Ritter-mit-Gefolge-ueberquert-die-St.-Georgsbruecke-1024x658.jpg\" alt=\"\" class=\"wp-image-4872\" srcset=\"https:\/\/www.historischer-chiemgau.de\/wp-content\/uploads\/2023\/09\/Der-Eiserne-Ritter-mit-Gefolge-ueberquert-die-St.-Georgsbruecke-1024x658.jpg 1024w, https:\/\/www.historischer-chiemgau.de\/wp-content\/uploads\/2023\/09\/Der-Eiserne-Ritter-mit-Gefolge-ueberquert-die-St.-Georgsbruecke-300x193.jpg 300w, https:\/\/www.historischer-chiemgau.de\/wp-content\/uploads\/2023\/09\/Der-Eiserne-Ritter-mit-Gefolge-ueberquert-die-St.-Georgsbruecke-768x494.jpg 768w, https:\/\/www.historischer-chiemgau.de\/wp-content\/uploads\/2023\/09\/Der-Eiserne-Ritter-mit-Gefolge-ueberquert-die-St.-Georgsbruecke-1240x797.jpg 1240w, https:\/\/www.historischer-chiemgau.de\/wp-content\/uploads\/2023\/09\/Der-Eiserne-Ritter-mit-Gefolge-ueberquert-die-St.-Georgsbruecke-508x327.jpg 508w, https:\/\/www.historischer-chiemgau.de\/wp-content\/uploads\/2023\/09\/Der-Eiserne-Ritter-mit-Gefolge-ueberquert-die-St.-Georgsbruecke.jpg 1333w\" sizes=\"(max-width: 1024px) 100vw, 1024px\" \/><figcaption class=\"wp-element-caption\">Der Eiserne Ritter mit Gefolge \u00fcberquert die St. Georgs-Br\u00fccke, 1922.<\/figcaption><\/figure><\/div>\n\n<div class=\"wp-block-image\">\n<figure class=\"aligncenter size-large\"><img loading=\"lazy\" decoding=\"async\" width=\"658\" height=\"1024\" src=\"https:\/\/www.historischer-chiemgau.de\/wp-content\/uploads\/2023\/09\/IMG_20230613_125212-658x1024.jpg\" alt=\"\" class=\"wp-image-4869\" srcset=\"https:\/\/www.historischer-chiemgau.de\/wp-content\/uploads\/2023\/09\/IMG_20230613_125212-658x1024.jpg 658w, https:\/\/www.historischer-chiemgau.de\/wp-content\/uploads\/2023\/09\/IMG_20230613_125212-193x300.jpg 193w, https:\/\/www.historischer-chiemgau.de\/wp-content\/uploads\/2023\/09\/IMG_20230613_125212-768x1194.jpg 768w, https:\/\/www.historischer-chiemgau.de\/wp-content\/uploads\/2023\/09\/IMG_20230613_125212-988x1536.jpg 988w, https:\/\/www.historischer-chiemgau.de\/wp-content\/uploads\/2023\/09\/IMG_20230613_125212-1317x2048.jpg 1317w, https:\/\/www.historischer-chiemgau.de\/wp-content\/uploads\/2023\/09\/IMG_20230613_125212-1240x1928.jpg 1240w, https:\/\/www.historischer-chiemgau.de\/wp-content\/uploads\/2023\/09\/IMG_20230613_125212-508x790.jpg 508w, https:\/\/www.historischer-chiemgau.de\/wp-content\/uploads\/2023\/09\/IMG_20230613_125212.jpg 1497w\" sizes=\"(max-width: 658px) 100vw, 658px\" \/><figcaption class=\"wp-element-caption\">Schwerttanz auf dem Maxplatz, 1930.<\/figcaption><\/figure><\/div>\n\n<div class=\"wp-block-image\">\n<figure class=\"aligncenter size-full\"><img loading=\"lazy\" decoding=\"async\" width=\"8341\" height=\"11447\" src=\"https:\/\/www.historischer-chiemgau.de\/wp-content\/uploads\/2023\/09\/IMG_20230613_131040.jpg\" alt=\"\" class=\"wp-image-4874\"\/><figcaption class=\"wp-element-caption\">Festlich geschm\u00fcckte Stra\u00dfenz\u00fcge auf dem Wege, 1931.<\/figcaption><\/figure><\/div>","protected":false},"excerpt":{"rendered":"<p>Georgiritt und historischer Schwerttanz Traunstein ist Immaterielles Kulturerbe Der Georgiritt verbindet die Menschen in Traunstein mit denen der Gemeinden im umliegenden Chiemgau. Allj\u00e4hrlich findet am Ostermontag im bayerischen Traunstein ein Georgiritt mit historischem Schwerttanz statt. \u00dcber 400 festlich geschm\u00fcckte Reitpferde und Gespanne aus den umliegenden Gemeinden sind an der Pferdewallfahrt zu Ehren des Heiligen Georgs [&hellip;]<\/p>\n","protected":false},"author":2,"featured_media":0,"parent":0,"menu_order":0,"comment_status":"closed","ping_status":"closed","template":"","meta":{"ngg_post_thumbnail":0,"footnotes":""},"aioseo_notices":[],"_links":{"self":[{"href":"https:\/\/www.historischer-chiemgau.de\/index.php?rest_route=\/wp\/v2\/pages\/4786"}],"collection":[{"href":"https:\/\/www.historischer-chiemgau.de\/index.php?rest_route=\/wp\/v2\/pages"}],"about":[{"href":"https:\/\/www.historischer-chiemgau.de\/index.php?rest_route=\/wp\/v2\/types\/page"}],"author":[{"embeddable":true,"href":"https:\/\/www.historischer-chiemgau.de\/index.php?rest_route=\/wp\/v2\/users\/2"}],"replies":[{"embeddable":true,"href":"https:\/\/www.historischer-chiemgau.de\/index.php?rest_route=%2Fwp%2Fv2%2Fcomments&post=4786"}],"version-history":[{"count":8,"href":"https:\/\/www.historischer-chiemgau.de\/index.php?rest_route=\/wp\/v2\/pages\/4786\/revisions"}],"predecessor-version":[{"id":4878,"href":"https:\/\/www.historischer-chiemgau.de\/index.php?rest_route=\/wp\/v2\/pages\/4786\/revisions\/4878"}],"wp:attachment":[{"href":"https:\/\/www.historischer-chiemgau.de\/index.php?rest_route=%2Fwp%2Fv2%2Fmedia&parent=4786"}],"curies":[{"name":"wp","href":"https:\/\/api.w.org\/{rel}","templated":true}]}}

<figure class="wp-block-image alignwide size-large"><img loading="lazy" decoding="async" width="1024" height="207" src="https://www.historischer-chiemgau.de/wp-content/uploads/2023/09/IMG_20230613_142654-1024x207.jpg" alt="" class="wp-image-4865" srcset="https://www.historischer-chiemgau.de/wp-content/uploads/2023/09/IMG_20230613_142654-1024x207.jpg 1024w, https://www.historischer-chiemgau.de/wp-content/uploads/2023/09/IMG_20230613_142654-300x61.jpg 300w, https://www.historischer-chiemgau.de/wp-content/uploads/2023/09/IMG_20230613_142654-768x156.jpg 768w, https://www.historischer-chiemgau.de/wp-content/uploads/2023/09/IMG_20230613_142654-1536x311.jpg 1536w, https://www.historischer-chiemgau.de/wp-content/uploads/2023/09/IMG_20230613_142654-2048x415.jpg 2048w, https://www.historischer-chiemgau.de/wp-content/uploads/2023/09/IMG_20230613_142654-1240x251.jpg 1240w, https://www.historischer-chiemgau.de/wp-content/uploads/2023/09/IMG_20230613_142654-508x103.jpg 508w" sizes="(max-width: 1024px) 100vw, 1024px" /></figure>



<p><mark style="background-color:rgba(0, 0, 0, 0)" class="has-inline-color has-accent-color"><strong>Georgiritt und historischer Schwerttanz Traunstein ist</strong> <strong>Immaterielles Kulturerbe</strong></mark></p>



<p>Der Georgiritt verbindet die Menschen in Traunstein mit denen der Gemeinden im umliegenden Chiemgau.</p>



<p>Alljährlich findet am Ostermontag im bayerischen Traunstein ein Georgiritt mit historischem Schwerttanz statt. Über 400 festlich geschmückte Reitpferde und Gespanne aus den umliegenden Gemeinden sind an der Pferdewallfahrt zu Ehren des Heiligen Georgs beteiligt. Die Gemeinden werden über „Rittbitten“ eingebunden. Der 600 Mitglieder starke Sankt-Georgs-Verein kümmert sich um die Koordinierung der Zusammenarbeit zahlreicher Vereine und Gruppen aus Traunstein und Umgebung. Auch steht er in engem Kontakt zu Jugendorganisationen und investiert in eine kostenlose Ausbildung an der historischen „Schwegelpfeife“ für Kinder zwischen 8 und 13 Jahren. Der Ursprung des Ritts, der urkundlich erstmals 1762 erwähnt wurde, liegt vermutlich in einem heidnischen mittelalterlichen Brauch. Im frühen 19. Jahrhundert wurde der historische Schwerttanz ergänzt, der den Sieg des Frühlings über den Winter symbolisieren soll.</p>



<p>Mehr unter <a href="http://www.georgi-verein.de/" title="">http://www.georgi-verein.de/</a></p>


<div class="wp-block-image">
<figure class="aligncenter size-large is-resized"><img loading="lazy" decoding="async" src="https://www.historischer-chiemgau.de/wp-content/uploads/2023/09/IMG_20230613_141951-657x1024.jpg" alt="" class="wp-image-4866" style="width:689px;height:1075px" width="689" height="1075" srcset="https://www.historischer-chiemgau.de/wp-content/uploads/2023/09/IMG_20230613_141951-657x1024.jpg 657w, https://www.historischer-chiemgau.de/wp-content/uploads/2023/09/IMG_20230613_141951-192x300.jpg 192w, https://www.historischer-chiemgau.de/wp-content/uploads/2023/09/IMG_20230613_141951-768x1197.jpg 768w, https://www.historischer-chiemgau.de/wp-content/uploads/2023/09/IMG_20230613_141951-1314x2048.jpg 1314w, https://www.historischer-chiemgau.de/wp-content/uploads/2023/09/IMG_20230613_141951-1240x1933.jpg 1240w, https://www.historischer-chiemgau.de/wp-content/uploads/2023/09/IMG_20230613_141951-508x792.jpg 508w, https://www.historischer-chiemgau.de/wp-content/uploads/2023/09/IMG_20230613_141951.jpg 1633w" sizes="(max-width: 689px) 100vw, 689px" /><figcaption class="wp-element-caption">Programm aus dem Jahr 1899</figcaption></figure></div>

<div class="wp-block-image">
<figure class="aligncenter size-large"><img loading="lazy" decoding="async" width="741" height="1024" src="https://www.historischer-chiemgau.de/wp-content/uploads/2023/09/IMG_20230613_144116-741x1024.jpg" alt="" class="wp-image-4867" srcset="https://www.historischer-chiemgau.de/wp-content/uploads/2023/09/IMG_20230613_144116-741x1024.jpg 741w, https://www.historischer-chiemgau.de/wp-content/uploads/2023/09/IMG_20230613_144116-217x300.jpg 217w, https://www.historischer-chiemgau.de/wp-content/uploads/2023/09/IMG_20230613_144116-768x1062.jpg 768w, https://www.historischer-chiemgau.de/wp-content/uploads/2023/09/IMG_20230613_144116-1111x1536.jpg 1111w, https://www.historischer-chiemgau.de/wp-content/uploads/2023/09/IMG_20230613_144116-1240x1714.jpg 1240w, https://www.historischer-chiemgau.de/wp-content/uploads/2023/09/IMG_20230613_144116-508x702.jpg 508w, https://www.historischer-chiemgau.de/wp-content/uploads/2023/09/IMG_20230613_144116.jpg 1383w" sizes="(max-width: 741px) 100vw, 741px" /><figcaption class="wp-element-caption">Der geharnischte Feldhauptmann, 1912.</figcaption></figure></div>

<div class="wp-block-image">
<figure class="aligncenter size-large"><img loading="lazy" decoding="async" width="1024" height="658" src="https://www.historischer-chiemgau.de/wp-content/uploads/2023/09/Der-Eiserne-Ritter-mit-Gefolge-ueberquert-die-St.-Georgsbruecke-1024x658.jpg" alt="" class="wp-image-4872" srcset="https://www.historischer-chiemgau.de/wp-content/uploads/2023/09/Der-Eiserne-Ritter-mit-Gefolge-ueberquert-die-St.-Georgsbruecke-1024x658.jpg 1024w, https://www.historischer-chiemgau.de/wp-content/uploads/2023/09/Der-Eiserne-Ritter-mit-Gefolge-ueberquert-die-St.-Georgsbruecke-300x193.jpg 300w, https://www.historischer-chiemgau.de/wp-content/uploads/2023/09/Der-Eiserne-Ritter-mit-Gefolge-ueberquert-die-St.-Georgsbruecke-768x494.jpg 768w, https://www.historischer-chiemgau.de/wp-content/uploads/2023/09/Der-Eiserne-Ritter-mit-Gefolge-ueberquert-die-St.-Georgsbruecke-1240x797.jpg 1240w, https://www.historischer-chiemgau.de/wp-content/uploads/2023/09/Der-Eiserne-Ritter-mit-Gefolge-ueberquert-die-St.-Georgsbruecke-508x327.jpg 508w, https://www.historischer-chiemgau.de/wp-content/uploads/2023/09/Der-Eiserne-Ritter-mit-Gefolge-ueberquert-die-St.-Georgsbruecke.jpg 1333w" sizes="(max-width: 1024px) 100vw, 1024px" /><figcaption class="wp-element-caption">Der Eiserne Ritter mit Gefolge überquert die St. Georgs-Brücke, 1922.</figcaption></figure></div>

<div class="wp-block-image">
<figure class="aligncenter size-large"><img loading="lazy" decoding="async" width="658" height="1024" src="https://www.historischer-chiemgau.de/wp-content/uploads/2023/09/IMG_20230613_125212-658x1024.jpg" alt="" class="wp-image-4869" srcset="https://www.historischer-chiemgau.de/wp-content/uploads/2023/09/IMG_20230613_125212-658x1024.jpg 658w, https://www.historischer-chiemgau.de/wp-content/uploads/2023/09/IMG_20230613_125212-193x300.jpg 193w, https://www.historischer-chiemgau.de/wp-content/uploads/2023/09/IMG_20230613_125212-768x1194.jpg 768w, https://www.historischer-chiemgau.de/wp-content/uploads/2023/09/IMG_20230613_125212-988x1536.jpg 988w, https://www.historischer-chiemgau.de/wp-content/uploads/2023/09/IMG_20230613_125212-1317x2048.jpg 1317w, https://www.historischer-chiemgau.de/wp-content/uploads/2023/09/IMG_20230613_125212-1240x1928.jpg 1240w, https://www.historischer-chiemgau.de/wp-content/uploads/2023/09/IMG_20230613_125212-508x790.jpg 508w, https://www.historischer-chiemgau.de/wp-content/uploads/2023/09/IMG_20230613_125212.jpg 1497w" sizes="(max-width: 658px) 100vw, 658px" /><figcaption class="wp-element-caption">Schwerttanz auf dem Maxplatz, 1930.</figcaption></figure></div>

<div class="wp-block-image">
<figure class="aligncenter size-full"><img loading="lazy" decoding="async" width="8341" height="11447" src="https://www.historischer-chiemgau.de/wp-content/uploads/2023/09/IMG_20230613_131040.jpg" alt="" class="wp-image-4874"/><figcaption class="wp-element-caption">Festlich geschmückte Straßenzüge auf dem Wege, 1931.</figcaption></figure></div>

<p>Georgiritt und historischer Schwerttanz Traunstein ist Immaterielles Kulturerbe Der Georgiritt verbindet die Menschen in Traunstein mit denen der Gemeinden im umliegenden Chiemgau. Alljährlich findet am Ostermontag im bayerischen Traunstein ein Georgiritt mit historischem Schwerttanz statt. Über 400 festlich geschmückte Reitpferde und Gespanne aus den umliegenden Gemeinden sind an der Pferdewallfahrt zu Ehren des Heiligen Georgs [&hellip;]</p>
