{"id":159,"date":"2023-07-16T00:56:19","date_gmt":"2023-07-15T22:56:19","guid":{"rendered":"https:\/\/chiemgau.server-bock.de\/?page_id=159"},"modified":"2025-09-19T00:45:31","modified_gmt":"2025-09-18T22:45:31","slug":"links","status":"publish","type":"page","link":"https:\/\/www.historischer-chiemgau.de\/?page_id=159","title":{"rendered":"Links und Unterst\u00fctzer"},"content":{"rendered":"\n<p><strong>Links<\/strong> <strong>Historischer Chiemgau<\/strong><\/p>\n\n\n\n<p><a href=\"https:\/\/www.youtube.com\/channel\/UCfSAf8VE_s-MTROZxwJ5l2g\">Historischer Chiemgau &#8211; YouTube<\/a><\/p>\n\n\n\n<p><a href=\"https:\/\/www.facebook.com\/groups\/historischerchiemgau\">Historischer Chiemgau | Facebook<\/a><\/p>\n\n\n\n<p><a href=\"https:\/\/www.instagram.com\/historischer.chiemgau\/\">Christian Focke (@historischer.chiemgau) | Instagram<\/a><\/p>\n\n\n\n<p><a href=\"https:\/\/www.re.photos\/de\/profile\/historischer-chiemgau\/\">https:\/\/www.re.photos\/de\/profile\/historischer-chiemgau\/<\/a><\/p>\n\n\n\n<p><\/p>\n\n\n\n<p><strong>Unterst\u00fctzer<\/strong><\/p>\n\n\n\n<p>Ein ganz herzliches <em>DANKE<\/em> an alle Spender und Sponsoren <\/p>\n\n\n\n<p>Vielen Dank f\u00fcr Eure zahlreichen Zusendungen an Bildern, Dokumenten uvm.<\/p>\n\n\n\n<p>Unterst\u00fctzen auch Sie Historischer Chiemgau, damit unsere Geschichte nicht vergessen wird. <a data-type=\"link\" data-id=\"https:\/\/gofund.me\/c6ac5aa9\" href=\"https:\/\/gofund.me\/c6ac5aa9\">https:\/\/gofund.me\/c6ac5aa9<\/a><\/p>\n\n\n\n<p><a href=\"https:\/\/www.paypal.com\/donate?campaign_id=CNLTZS5U3KEPA\">https:\/\/www.paypal.com\/donate?campaign_id=CNLTZS5U3KEPA<\/a><\/p>\n\n\n\n<figure class=\"wp-block-image size-large\"><img loading=\"lazy\" decoding=\"async\" width=\"1024\" height=\"435\" src=\"https:\/\/chiemgau.server-bock.de\/wp-content\/uploads\/2023\/08\/Logo-HN-1024x435.png\" alt=\"\" class=\"wp-image-1741\" srcset=\"https:\/\/www.historischer-chiemgau.de\/wp-content\/uploads\/2023\/08\/Logo-HN-1024x435.png 1024w, https:\/\/www.historischer-chiemgau.de\/wp-content\/uploads\/2023\/08\/Logo-HN-300x128.png 300w, https:\/\/www.historischer-chiemgau.de\/wp-content\/uploads\/2023\/08\/Logo-HN-768x327.png 768w, https:\/\/www.historischer-chiemgau.de\/wp-content\/uploads\/2023\/08\/Logo-HN-1240x527.png 1240w, https:\/\/www.historischer-chiemgau.de\/wp-content\/uploads\/2023\/08\/Logo-HN-508x216.png 508w, https:\/\/www.historischer-chiemgau.de\/wp-content\/uploads\/2023\/08\/Logo-HN.png 1505w\" sizes=\"(max-width: 1024px) 100vw, 1024px\" \/><\/figure>\n\n\n\n<figure class=\"wp-block-image size-full\"><img loading=\"lazy\" decoding=\"async\" width=\"950\" height=\"950\" src=\"https:\/\/chiemgau.server-bock.de\/wp-content\/uploads\/2023\/08\/Hofbraeuhaus_Traunstein_Wappen_Kreis_Web.png\" alt=\"\" class=\"wp-image-2719\" srcset=\"https:\/\/www.historischer-chiemgau.de\/wp-content\/uploads\/2023\/08\/Hofbraeuhaus_Traunstein_Wappen_Kreis_Web.png 950w, https:\/\/www.historischer-chiemgau.de\/wp-content\/uploads\/2023\/08\/Hofbraeuhaus_Traunstein_Wappen_Kreis_Web-300x300.png 300w, https:\/\/www.historischer-chiemgau.de\/wp-content\/uploads\/2023\/08\/Hofbraeuhaus_Traunstein_Wappen_Kreis_Web-150x150.png 150w, https:\/\/www.historischer-chiemgau.de\/wp-content\/uploads\/2023\/08\/Hofbraeuhaus_Traunstein_Wappen_Kreis_Web-768x768.png 768w, https:\/\/www.historischer-chiemgau.de\/wp-content\/uploads\/2023\/08\/Hofbraeuhaus_Traunstein_Wappen_Kreis_Web-508x508.png 508w\" sizes=\"(max-width: 950px) 100vw, 950px\" \/><\/figure>\n\n\n\n<figure class=\"wp-block-image size-large\"><img loading=\"lazy\" decoding=\"async\" width=\"1024\" height=\"456\" src=\"https:\/\/www.historischer-chiemgau.de\/wp-content\/uploads\/2023\/08\/Logo-RGB-1024x456.png\" alt=\"\" class=\"wp-image-4789\" srcset=\"https:\/\/www.historischer-chiemgau.de\/wp-content\/uploads\/2023\/08\/Logo-RGB-1024x456.png 1024w, https:\/\/www.historischer-chiemgau.de\/wp-content\/uploads\/2023\/08\/Logo-RGB-300x133.png 300w, https:\/\/www.historischer-chiemgau.de\/wp-content\/uploads\/2023\/08\/Logo-RGB-768x342.png 768w, https:\/\/www.historischer-chiemgau.de\/wp-content\/uploads\/2023\/08\/Logo-RGB-508x226.png 508w, https:\/\/www.historischer-chiemgau.de\/wp-content\/uploads\/2023\/08\/Logo-RGB.png 1063w\" sizes=\"(max-width: 1024px) 100vw, 1024px\" \/><\/figure>\n\n\n\n<figure class=\"wp-block-image size-large\"><img loading=\"lazy\" decoding=\"async\" width=\"1024\" height=\"232\" src=\"https:\/\/www.historischer-chiemgau.de\/wp-content\/uploads\/2025\/09\/EMGroup_4c_CMYK-1024x232.jpg\" alt=\"\" class=\"wp-image-5612\" srcset=\"https:\/\/www.historischer-chiemgau.de\/wp-content\/uploads\/2025\/09\/EMGroup_4c_CMYK-1024x232.jpg 1024w, https:\/\/www.historischer-chiemgau.de\/wp-content\/uploads\/2025\/09\/EMGroup_4c_CMYK-300x68.jpg 300w, https:\/\/www.historischer-chiemgau.de\/wp-content\/uploads\/2025\/09\/EMGroup_4c_CMYK-768x174.jpg 768w, https:\/\/www.historischer-chiemgau.de\/wp-content\/uploads\/2025\/09\/EMGroup_4c_CMYK-1536x348.jpg 1536w, https:\/\/www.historischer-chiemgau.de\/wp-content\/uploads\/2025\/09\/EMGroup_4c_CMYK-1240x281.jpg 1240w, https:\/\/www.historischer-chiemgau.de\/wp-content\/uploads\/2025\/09\/EMGroup_4c_CMYK-508x115.jpg 508w, https:\/\/www.historischer-chiemgau.de\/wp-content\/uploads\/2025\/09\/EMGroup_4c_CMYK.jpg 1602w\" sizes=\"(max-width: 1024px) 100vw, 1024px\" \/><\/figure>\n","protected":false},"excerpt":{"rendered":"<p>Links Historischer Chiemgau Historischer Chiemgau &#8211; YouTube Historischer Chiemgau | Facebook Christian Focke (@historischer.chiemgau) | Instagram https:\/\/www.re.photos\/de\/profile\/historischer-chiemgau\/ Unterst\u00fctzer Ein ganz herzliches DANKE an alle Spender und Sponsoren Vielen Dank f\u00fcr Eure zahlreichen Zusendungen an Bildern, Dokumenten uvm. Unterst\u00fctzen auch Sie Historischer Chiemgau, damit unsere Geschichte nicht vergessen wird. https:\/\/gofund.me\/c6ac5aa9 https:\/\/www.paypal.com\/donate?campaign_id=CNLTZS5U3KEPA<\/p>\n","protected":false},"author":2,"featured_media":0,"parent":0,"menu_order":0,"comment_status":"closed","ping_status":"closed","template":"","meta":{"ngg_post_thumbnail":0,"footnotes":""},"aioseo_notices":[],"_links":{"self":[{"href":"https:\/\/www.historischer-chiemgau.de\/index.php?rest_route=\/wp\/v2\/pages\/159"}],"collection":[{"href":"https:\/\/www.historischer-chiemgau.de\/index.php?rest_route=\/wp\/v2\/pages"}],"about":[{"href":"https:\/\/www.historischer-chiemgau.de\/index.php?rest_route=\/wp\/v2\/types\/page"}],"author":[{"embeddable":true,"href":"https:\/\/www.historischer-chiemgau.de\/index.php?rest_route=\/wp\/v2\/users\/2"}],"replies":[{"embeddable":true,"href":"https:\/\/www.historischer-chiemgau.de\/index.php?rest_route=%2Fwp%2Fv2%2Fcomments&post=159"}],"version-history":[{"count":21,"href":"https:\/\/www.historischer-chiemgau.de\/index.php?rest_route=\/wp\/v2\/pages\/159\/revisions"}],"predecessor-version":[{"id":5614,"href":"https:\/\/www.historischer-chiemgau.de\/index.php?rest_route=\/wp\/v2\/pages\/159\/revisions\/5614"}],"wp:attachment":[{"href":"https:\/\/www.historischer-chiemgau.de\/index.php?rest_route=%2Fwp%2Fv2%2Fmedia&parent=159"}],"curies":[{"name":"wp","href":"https:\/\/api.w.org\/{rel}","templated":true}]}}

Links und Unterstützer

<p><strong>Links</strong> <strong>Historischer Chiemgau</strong></p>



<p><a href="https://www.youtube.com/channel/UCfSAf8VE_s-MTROZxwJ5l2g">Historischer Chiemgau &#8211; YouTube</a></p>



<p><a href="https://www.facebook.com/groups/historischerchiemgau">Historischer Chiemgau | Facebook</a></p>



<p><a href="https://www.instagram.com/historischer.chiemgau/">Christian Focke (@historischer.chiemgau) | Instagram</a></p>



<p><a href="https://www.re.photos/de/profile/historischer-chiemgau/">https://www.re.photos/de/profile/historischer-chiemgau/</a></p>



<p></p>



<p><strong>Unterstützer</strong></p>



<p>Ein ganz herzliches <em>DANKE</em> an alle Spender und Sponsoren </p>



<p>Vielen Dank für Eure zahlreichen Zusendungen an Bildern, Dokumenten uvm.</p>



<p>Unterstützen auch Sie Historischer Chiemgau, damit unsere Geschichte nicht vergessen wird. <a data-type="link" data-id="https://gofund.me/c6ac5aa9" href="https://gofund.me/c6ac5aa9">https://gofund.me/c6ac5aa9</a></p>



<p><a href="https://www.paypal.com/donate?campaign_id=CNLTZS5U3KEPA">https://www.paypal.com/donate?campaign_id=CNLTZS5U3KEPA</a></p>



<figure class="wp-block-image size-large"><img loading="lazy" decoding="async" width="1024" height="435" src="https://chiemgau.server-bock.de/wp-content/uploads/2023/08/Logo-HN-1024x435.png" alt="" class="wp-image-1741" srcset="https://www.historischer-chiemgau.de/wp-content/uploads/2023/08/Logo-HN-1024x435.png 1024w, https://www.historischer-chiemgau.de/wp-content/uploads/2023/08/Logo-HN-300x128.png 300w, https://www.historischer-chiemgau.de/wp-content/uploads/2023/08/Logo-HN-768x327.png 768w, https://www.historischer-chiemgau.de/wp-content/uploads/2023/08/Logo-HN-1240x527.png 1240w, https://www.historischer-chiemgau.de/wp-content/uploads/2023/08/Logo-HN-508x216.png 508w, https://www.historischer-chiemgau.de/wp-content/uploads/2023/08/Logo-HN.png 1505w" sizes="(max-width: 1024px) 100vw, 1024px" /></figure>



<figure class="wp-block-image size-full"><img loading="lazy" decoding="async" width="950" height="950" src="https://chiemgau.server-bock.de/wp-content/uploads/2023/08/Hofbraeuhaus_Traunstein_Wappen_Kreis_Web.png" alt="" class="wp-image-2719" srcset="https://www.historischer-chiemgau.de/wp-content/uploads/2023/08/Hofbraeuhaus_Traunstein_Wappen_Kreis_Web.png 950w, https://www.historischer-chiemgau.de/wp-content/uploads/2023/08/Hofbraeuhaus_Traunstein_Wappen_Kreis_Web-300x300.png 300w, https://www.historischer-chiemgau.de/wp-content/uploads/2023/08/Hofbraeuhaus_Traunstein_Wappen_Kreis_Web-150x150.png 150w, https://www.historischer-chiemgau.de/wp-content/uploads/2023/08/Hofbraeuhaus_Traunstein_Wappen_Kreis_Web-768x768.png 768w, https://www.historischer-chiemgau.de/wp-content/uploads/2023/08/Hofbraeuhaus_Traunstein_Wappen_Kreis_Web-508x508.png 508w" sizes="(max-width: 950px) 100vw, 950px" /></figure>



<figure class="wp-block-image size-large"><img loading="lazy" decoding="async" width="1024" height="456" src="https://www.historischer-chiemgau.de/wp-content/uploads/2023/08/Logo-RGB-1024x456.png" alt="" class="wp-image-4789" srcset="https://www.historischer-chiemgau.de/wp-content/uploads/2023/08/Logo-RGB-1024x456.png 1024w, https://www.historischer-chiemgau.de/wp-content/uploads/2023/08/Logo-RGB-300x133.png 300w, https://www.historischer-chiemgau.de/wp-content/uploads/2023/08/Logo-RGB-768x342.png 768w, https://www.historischer-chiemgau.de/wp-content/uploads/2023/08/Logo-RGB-508x226.png 508w, https://www.historischer-chiemgau.de/wp-content/uploads/2023/08/Logo-RGB.png 1063w" sizes="(max-width: 1024px) 100vw, 1024px" /></figure>



<figure class="wp-block-image size-large"><img loading="lazy" decoding="async" width="1024" height="232" src="https://www.historischer-chiemgau.de/wp-content/uploads/2025/09/EMGroup_4c_CMYK-1024x232.jpg" alt="" class="wp-image-5612" srcset="https://www.historischer-chiemgau.de/wp-content/uploads/2025/09/EMGroup_4c_CMYK-1024x232.jpg 1024w, https://www.historischer-chiemgau.de/wp-content/uploads/2025/09/EMGroup_4c_CMYK-300x68.jpg 300w, https://www.historischer-chiemgau.de/wp-content/uploads/2025/09/EMGroup_4c_CMYK-768x174.jpg 768w, https://www.historischer-chiemgau.de/wp-content/uploads/2025/09/EMGroup_4c_CMYK-1536x348.jpg 1536w, https://www.historischer-chiemgau.de/wp-content/uploads/2025/09/EMGroup_4c_CMYK-1240x281.jpg 1240w, https://www.historischer-chiemgau.de/wp-content/uploads/2025/09/EMGroup_4c_CMYK-508x115.jpg 508w, https://www.historischer-chiemgau.de/wp-content/uploads/2025/09/EMGroup_4c_CMYK.jpg 1602w" sizes="(max-width: 1024px) 100vw, 1024px" /></figure>

<p>Links Historischer Chiemgau Historischer Chiemgau &#8211; YouTube Historischer Chiemgau | Facebook Christian Focke (@historischer.chiemgau) | Instagram https://www.re.photos/de/profile/historischer-chiemgau/ Unterstützer Ein ganz herzliches DANKE an alle Spender und Sponsoren Vielen Dank für Eure zahlreichen Zusendungen an Bildern, Dokumenten uvm. Unterstützen auch Sie Historischer Chiemgau, damit unsere Geschichte nicht vergessen wird. https://gofund.me/c6ac5aa9 https://www.paypal.com/donate?campaign_id=CNLTZS5U3KEPA</p>
